 factors of 1794847?
757, 2371
List the prime factors of 5585496.
2, 3, 7, 33247
List the prime factors of 1974983.
1974983
What are the prime factors of 7652058?
2, 3, 331, 3853
What are the prime factors of 7261796?
2, 1815449
What are the prime factors of 13410635?
5, 7, 619
What are the prime factors of 117152?
2, 7, 523
What are the prime factors of 7417914?
2, 3, 7, 23, 1097
What are the prime factors of 10183061?
7, 479, 3037
List the prime factors of 1109982.
2, 3, 184997
What are the prime factors of 17906101?
1789, 10009
List the prime factors of 143392.
2, 4481
What are the prime factors of 136665?
3, 5, 3037
List the prime factors of 4506519.
3, 101, 107, 139
List the prime factors of 896044.
2, 224011
What are the prime factors of 528705?
3, 5, 31, 379
List the prime factors of 93314.
2, 13, 37, 97
What are the prime factors of 3195089?
41, 77929
List the prime factors of 1497196.
2, 374299
What are the prime factors of 424248?
2, 3, 11, 1607
List the prime factors of 36432342.
2, 3, 224891
List the prime factors of 2038501.
43, 47407
List the prime factors of 226348.
2, 71, 797
What are the prime factors of 164530?
2, 5, 16453
What are the prime factors of 672292?
2, 131, 1283
List the prime factors of 1072085.
5, 7, 30631
What are the prime factors of 16991595?
3, 5, 23, 16417
What are the prime factors of 1539719?
1539719
List the prime factors of 7257315.
3, 5, 13, 37217
List the prime factors of 521358.
2, 3, 31, 2803
What are the prime factors of 59117?
31, 1907
List the prime factors of 6532997.
271, 24107
What are the prime factors of 18748713?
3, 6249571
List the prime factors of 664636.
2, 7, 3391
What are the prime factors of 5210493?
3, 1736831
What are the prime factors of 151248?
2, 3, 23, 137
List the prime factors of 1596054.
2, 3, 266009
What are the prime factors of 104479?
104479
List the prime factors of 2369126.
2, 29, 40847
What are the prime factors of 396542?
2, 17, 107, 109
What are the prime factors of 2075128?
2, 11, 23581
List the prime factors of 5501950.
2, 5, 110039
What are the prime factors of 38506?
2, 13, 1481
What are the prime factors of 1067027?
13, 211, 389
What are the prime factors of 848681?
848681
List the prime factors of 12329658.
2, 3, 11, 17, 37
List the prime factors of 14539269.
3, 193, 25111
What are the prime factors of 157949?
11, 83, 173
List the prime factors of 64657.
19, 41, 83
What are the prime factors of 10010716?
2, 71, 101, 349
What are the prime factors of 8387?
8387
List the prime factors of 58232.
2, 29, 251
What are the prime factors of 2514025?
5, 227, 443
List the prime factors of 3628645.
5, 53, 13693
List the prime factors of 3252047.
43, 75629
List the prime factors of 9702088.
2, 11, 110251
What are the prime factors of 2189374?
2, 11, 83, 109
List the prime factors of 1505693.
7, 19, 11321
List the prime factors of 7640911.
31, 7951
List the prime factors of 203424.
2, 3, 13, 163
What are the prime factors of 81402?
2, 3, 13567
What are the prime factors of 1072010?
2, 5, 107201
What are the prime factors of 85066?
2, 42533
What are the prime factors of 5625434?
2, 2812717
What are the prime factors of 17228148?
2, 3, 7, 205097
What are the prime factors of 315688?
2, 39461
What are the prime factors of 245771?
245771
List the prime factors of 5444746.
2, 43, 63311
What are the prime factors of 1780168?
2, 13, 17117
List the prime factors of 22881218.
2, 17, 672977
What are the prime factors of 25513694?
2, 19, 173, 3881
What are the prime factors of 26170075?
5, 53, 19751
What are the prime factors of 9184738?
2, 41, 101, 1109
What are the prime factors of 50185?
5, 10037
List the prime factors of 524361.
3, 277, 631
List the prime factors of 575206.
2, 19, 15137
What are the prime factors of 290198?
2, 41, 3539
List the prime factors of 370349.
7, 191, 277
List the prime factors of 270835.
5, 54167
What are the prime factors of 4992127?
7, 23, 101, 307
What are the prime factors of 1852683?
3, 7, 88223
What are the prime factors of 1818825?
3, 5, 24251
What are the prime factors of 105520?
2, 5, 1319
List the prime factors of 1817147.
17, 139, 769
What are the prime factors of 66817?
109, 613
List the prime factors of 893024.
2, 11, 43, 59
List the prime factors of 5297996.
2, 11, 347
What are the prime factors of 178770?
2, 3, 5, 59, 101
What are the prime factors of 3735?
3, 5, 83
List the prime factors of 1909883.
1187, 1609
List the prime factors of 12878014.
2, 6439007
List the prime factors of 78439.
78439
What are the prime factors of 520138?
2, 139, 1871
What are the prime factors of 733007?
11, 37, 1801
List the prime factors of 101074.
2, 97, 521
List the prime factors of 9264120.
2, 3, 5, 77201
What are the prime factors of 19486238?
2, 9743119
List the prime factors of 893975.
5, 35759
List the prime factors of 672410.
2, 5, 19, 3539
List the prime factors of 9240804.
2, 3, 3169
What are the prime factors of 663890?
2, 5, 197, 337
List the prime factors of 37099966.
2, 23, 806521
List the prime factors of 2039862.
2, 3, 11, 31, 997
List the prime factors of 465973.
71, 6563
List the prime factors of 236798.
2, 118399
List the prime factors of 3736601.
11, 30881
List the prime factors of 174525.
3, 5, 13, 179
What are the prime factors of 135280?
2, 5, 19, 89
What are the prime factors of 169208?
2, 13, 1627
List the prime factors of 7955666.
2, 37, 107509
What are the prime factors of 18914031?
3, 163, 12893
What are the prime factors of 577326?
2, 3, 96221
List the prime factors of 5763275.
5, 7, 32933
List the prime factors of 120887.
13, 17, 547
List the prime factors of 24461794.
2, 7, 1747271
What are the prime factors of 362209?
281, 1289
List the prime factors of 2683079.
7, 383297
What are the prime factors of 1084574?
2, 113, 4799
List the prime factors of 18073292.
2, 41, 193, 571
What are the prime factors of 25531?
11, 211
What are the prime factors of 19255?
5, 3851
What are the prime factors of 741705?
3, 5, 197, 251
List the prime factors of 1606965.
3, 5, 149, 719
What are the prime factors of 10192736?
2, 318523
List the prime factors of 487039.
7, 41, 1697
List the prime factors of 372823.
11, 33893
List the prime factors of 1631904.
2, 3, 89, 191
What are the prime factors of 6943711?
6943711
What are the prime factors of 5089934?
2, 2544967
List the prime factors of 91317.
3, 61, 499
List the prime factors of 604208.
2, 11, 3433
List the prime factors of 7326964.
2, 1831741
List the prime factors of 1969890.
2, 3, 5, 13, 5051
List the prime factors of 35679178.
2, 17839589
List the prime factors of 2387588.
2, 7, 71, 1201
What are the prime factors of 241441?
241441
List the prime factors of 15910595.
5, 23, 31, 4463
What are the prime factors of 307118?
2, 7, 21937
List the prime factors of 267452.
2, 66863
What are the prime factors of 10147187?
29, 349903
What are the prime factors of 918377?
37, 24821
List the prime factors of 1850199.
3, 13, 47441
List the prime factors of 845923.
13, 65071
List the prime factors of 15377815.
5, 73, 42131
List the prime factors of 1139998.
2, 59, 9661
What are the prime factors of 69263?
69263
What are the prime factors of 2878619?
563, 5113
What are the prime factors of 19168?
2, 599
List the prime factors of 22373.
13, 1721
List the prime factors of 754131.
3, 7, 35911
What are the prime factors of 94593?
3, 31531
What are the prime factors of 390035?
5, 78007
List the prime factors of 5398403.
83, 193, 337
What are the prime factors of 2144608?
2, 29, 2311
List the prime factors of 539238.
2, 3, 7, 37, 347
What are the prime factors of 2036933?
19, 47, 2281
What are the prime factors of 240232?
2, 30029
List the prime factors of 103497.
3, 34499
What are the prime factors of 94877?
17, 5581
List the prime factors of 2349150.
2, 3, 5, 15661
List the prime factors of 102285.
3, 5, 2273
List the prime factors of 838576.
2, 17, 3083
What are the prime factors of 29514524?
2, 13, 19, 29873
List the prime factors of 1158532.
2, 31, 9343
What are the prime factors of 160139?
7, 22877
List the prime factors of 9748665.
3, 5, 23, 9419
List the prime factors of 2934038.
2, 941, 1559
List the prime factors of 1001624.
2, 13, 9631
What are the prime factors of 3186120?
2, 3, 5, 7, 3793
List t